{"id":54,"date":"2024-03-27T15:17:57","date_gmt":"2024-03-27T14:17:57","guid":{"rendered":"https:\/\/dupuis-expertise.com\/?page_id=54"},"modified":"2025-02-02T18:47:02","modified_gmt":"2025-02-02T17:47:02","slug":"investisseurs-immobiliers","status":"publish","type":"page","link":"https:\/\/dupuis-expertise.com\/index.php\/investisseurs-immobiliers\/","title":{"rendered":"Investisseur immobilier \u00ab Priv\u00e9 \u00bb"},"content":{"rendered":"<p>[et_pb_section fb_built=\u00a0\u00bb1&Prime; _builder_version=\u00a0\u00bb4.24.2&Prime; _module_preset=\u00a0\u00bbdefault\u00a0\u00bb global_colors_info=\u00a0\u00bb{}\u00a0\u00bb][et_pb_row _builder_version=\u00a0\u00bb4.24.2&Prime; _module_preset=\u00a0\u00bbdefault\u00a0\u00bb global_colors_info=\u00a0\u00bb{}\u00a0\u00bb][et_pb_column type=\u00a0\u00bb4_4&Prime; _builder_version=\u00a0\u00bb4.24.2&Prime; _module_preset=\u00a0\u00bbdefault\u00a0\u00bb global_colors_info=\u00a0\u00bb{}\u00a0\u00bb][et_pb_text _builder_version=\u00a0\u00bb4.25.2&Prime; _module_preset=\u00a0\u00bbdefault\u00a0\u00bb text_font=\u00a0\u00bbAdvent Pro|600|||||||\u00a0\u00bb text_text_color=\u00a0\u00bb#b17714&Prime; text_font_size=\u00a0\u00bb33px\u00a0\u00bb text_orientation=\u00a0\u00bbcenter\u00a0\u00bb text_line_height_tablet=\u00a0\u00bb\u00a0\u00bb text_line_height_phone=\u00a0\u00bb1.3em\u00a0\u00bb text_line_height_last_edited=\u00a0\u00bbon|phone\u00a0\u00bb text_text_shadow_style=\u00a0\u00bbpreset3&Prime; global_colors_info=\u00a0\u00bb{}\u00a0\u00bb]<\/p>\n<p style=\"font-weight: 400;\"><strong>Je suis un particulier investissant dans l\u2019immobilier en France<\/strong><\/p>\n<p>[\/et_pb_text][\/et_pb_column][\/et_pb_row][\/et_pb_section][et_pb_section fb_built=\u00a0\u00bb1&Prime; _builder_version=\u00a0\u00bb4.24.2&Prime; _module_preset=\u00a0\u00bbdefault\u00a0\u00bb custom_margin=\u00a0\u00bb-59px||||false|false\u00a0\u00bb global_colors_info=\u00a0\u00bb{}\u00a0\u00bb][et_pb_row column_structure=\u00a0\u00bb1_2,1_2&Prime; _builder_version=\u00a0\u00bb4.25.2&Prime; _module_preset=\u00a0\u00bbdefault\u00a0\u00bb width=\u00a0\u00bb100%\u00a0\u00bb max_width=\u00a0\u00bb1221px\u00a0\u00bb max_width_tablet=\u00a0\u00bb1221px\u00a0\u00bb max_width_phone=\u00a0\u00bb1221px\u00a0\u00bb max_width_last_edited=\u00a0\u00bbon|desktop\u00a0\u00bb custom_margin=\u00a0\u00bb-24px||||false|false\u00a0\u00bb global_colors_info=\u00a0\u00bb{}\u00a0\u00bb][et_pb_column type=\u00a0\u00bb1_2&Prime; _builder_version=\u00a0\u00bb4.24.2&Prime; _module_preset=\u00a0\u00bbdefault\u00a0\u00bb global_colors_info=\u00a0\u00bb{}\u00a0\u00bb][et_pb_text content_tablet=\u00a0\u00bb<\/p>\n<p style=%22font-weight: 400; text-align: left;%22><strong>Je suis r\u00e9sident ou non r\u00e9sident de France<\/strong><\/p>\n<p style=%22font-weight: 400; text-align: left;%22><strong>J\u2019ai d\u00e9j\u00e0 investi ou c\u2019est encore un projet<\/strong><\/p>\n<p style=%22font-weight: 400; text-align: left;%22><strong>Activit\u00e9 de location nue ou meubl\u00e9e, saisonni\u00e8re ou longue dur\u00e9e<\/strong><\/p>\n<p style=%22font-weight: 400; text-align: left;%22><strong>Notre \u00e9quipe pour accompagne dans les diff\u00e9rentes \u00e9tapes de votre investissement<\/strong><\/p>\n<ul style=%22text-align: left;%22>\n<li>Choix de la structure juridique la plus adapt\u00e9e (Soci\u00e9t\u00e9 civile, d\u00e9tention directe en LMNP ou LMP, soci\u00e9t\u00e9 de droit \u00e9tranger, SARL de Famille, \u2026) ou analyse de votre situation juridique et fiscale<\/li>\n<li>Immatriculation de votre activit\u00e9 aupr\u00e8s du guichet unique<\/li>\n<li>Tenue de la comptabilit\u00e9 et \u00e9tablissement des d\u00e9clarations fiscales<\/li>\n<li>Situation comptable interm\u00e9diaire<\/li>\n<li>D\u00e9termination du r\u00e9gime fiscal et la plus-value en cas de revente<\/li>\n<\/ul>\n<p style=%22font-weight: 400; text-align: left;%22><strong>En cas de contr\u00f4le fiscal, nous vous apportons l\u2019assistance n\u00e9cessaire pour r\u00e9pondre aux questions de l\u2019administration fiscale et r\u00e9gulariser votre situation le cas \u00e9ch\u00e9ant.<\/strong><\/p>\n<p>\u00a0\u00bb content_phone=\u00a0\u00bb<\/p>\n<p style=%22font-weight: 400; text-align: center;%22><strong>Je suis r\u00e9sident ou non r\u00e9sident de France<\/strong><\/p>\n<p style=%22font-weight: 400; text-align: center;%22><strong>J\u2019ai d\u00e9j\u00e0 investi ou c\u2019est encore un projet<\/strong><\/p>\n<p style=%22font-weight: 400; text-align: center;%22><strong>Activit\u00e9 de location nue ou meubl\u00e9e, saisonni\u00e8re ou longue dur\u00e9e<\/strong><\/p>\n<p style=%22font-weight: 400; text-align: center;%22><strong>Notre \u00e9quipe pour accompagne dans les diff\u00e9rentes \u00e9tapes de votre investissement<\/strong><\/p>\n<ul style=%22text-align: center;%22>\n<li>Choix de la structure juridique la plus adapt\u00e9e (Soci\u00e9t\u00e9 civile, d\u00e9tention directe en LMNP ou LMP, soci\u00e9t\u00e9 de droit \u00e9tranger, SARL de Famille, \u2026) ou analyse de votre situation juridique et fiscale<\/li>\n<li>Immatriculation de votre activit\u00e9 aupr\u00e8s du guichet unique<\/li>\n<li>Tenue de la comptabilit\u00e9 et \u00e9tablissement des d\u00e9clarations fiscales<\/li>\n<li>Situation comptable interm\u00e9diaire<\/li>\n<li>D\u00e9termination du r\u00e9gime fiscal et la plus-value en cas de revente<\/li>\n<\/ul>\n<p style=%22font-weight: 400; text-align: center;%22><strong>En cas de contr\u00f4le fiscal, nous vous apportons l\u2019assistance n\u00e9cessaire pour r\u00e9pondre aux questions de l\u2019administration fiscale et r\u00e9gulariser votre situation le cas \u00e9ch\u00e9ant.<\/strong><\/p>\n<p>\u00a0\u00bb content_last_edited=\u00a0\u00bbon|phone\u00a0\u00bb _builder_version=\u00a0\u00bb4.25.2&Prime; _module_preset=\u00a0\u00bbdefault\u00a0\u00bb text_font=\u00a0\u00bbMontserrat|600|||||||\u00a0\u00bb text_text_color=\u00a0\u00bb#336a75&Prime; text_font_size=\u00a0\u00bb15px\u00a0\u00bb text_orientation_tablet=\u00a0\u00bb\u00a0\u00bb text_orientation_phone=\u00a0\u00bbcenter\u00a0\u00bb text_orientation_last_edited=\u00a0\u00bbon|phone\u00a0\u00bb global_colors_info=\u00a0\u00bb{}\u00a0\u00bb text_text_color__hover_enabled=\u00a0\u00bbon|hover\u00a0\u00bb text_text_color__hover=\u00a0\u00bb#b17714&Prime;]<\/p>\n<p style=\"font-weight: 400; text-align: left;\"><strong>Je suis r\u00e9sident ou non r\u00e9sident de France<\/strong><\/p>\n<p style=\"font-weight: 400; text-align: left;\"><strong>J\u2019ai d\u00e9j\u00e0 investi ou c\u2019est encore un projet<\/strong><\/p>\n<p style=\"font-weight: 400; text-align: left;\"><strong>Activit\u00e9 de location nue ou meubl\u00e9e, saisonni\u00e8re ou longue dur\u00e9e<\/strong><\/p>\n<p style=\"font-weight: 400; text-align: left;\"><strong>Notre \u00e9quipe vous accompagne dans les diff\u00e9rentes \u00e9tapes de votre investissement<\/strong><\/p>\n<ul style=\"text-align: left;\">\n<li>Choix de la structure juridique la plus adapt\u00e9e : Soci\u00e9t\u00e9 civile, d\u00e9tention directe en Location Meubl\u00e9e Non Professionnelle (LMNP) ou Location Meubl\u00e9e Professionnelle (LMP), soci\u00e9t\u00e9 de droit \u00e9tranger, SARL de Famille,&#8230; et des options fiscales appropri\u00e9es<\/li>\n<li>Analyse de votre situation juridique et fiscale<\/li>\n<li>Etablissement d&rsquo;un pr\u00e9visionnel d&rsquo;activit\u00e9<\/li>\n<li>Immatriculation de votre activit\u00e9 aupr\u00e8s du guichet unique<\/li>\n<li>Tenue de la comptabilit\u00e9 et \u00e9tablissement des d\u00e9clarations fiscales<\/li>\n<li>Situation comptable interm\u00e9diaire<\/li>\n<li>D\u00e9termination du r\u00e9gime fiscal et de la plus-value en cas de revente<\/li>\n<\/ul>\n<p style=\"font-weight: 400; text-align: left;\"><strong>En cas de contr\u00f4le fiscal, nous vous apportons l\u2019assistance n\u00e9cessaire pour r\u00e9pondre aux questions de l\u2019administration fiscale et r\u00e9gulariser votre situation le cas \u00e9ch\u00e9ant.<\/strong><\/p>\n<p>[\/et_pb_text][et_pb_button button_url=\u00a0\u00bbhttps:\/\/dupuis-expertise.com\/index.php\/nous-contacter\/\u00a0\u00bb button_text=\u00a0\u00bbObtenir un devis \u00a0\u00bb button_alignment=\u00a0\u00bbcenter\u00a0\u00bb _builder_version=\u00a0\u00bb4.25.2&Prime; _module_preset=\u00a0\u00bbdefault\u00a0\u00bb custom_button=\u00a0\u00bbon\u00a0\u00bb button_text_size=\u00a0\u00bb19px\u00a0\u00bb button_text_color=\u00a0\u00bb#FFFFFF\u00a0\u00bb button_bg_color=\u00a0\u00bb#248673&Prime; button_border_width=\u00a0\u00bb1px\u00a0\u00bb button_border_color=\u00a0\u00bb#b17714&Prime; button_font=\u00a0\u00bb|||on|||||\u00a0\u00bb locked=\u00a0\u00bboff\u00a0\u00bb global_colors_info=\u00a0\u00bb{}\u00a0\u00bb][\/et_pb_button][\/et_pb_column][et_pb_column type=\u00a0\u00bb1_2&Prime; _builder_version=\u00a0\u00bb4.24.2&Prime; _module_preset=\u00a0\u00bbdefault\u00a0\u00bb global_colors_info=\u00a0\u00bb{}\u00a0\u00bb][et_pb_image src=\u00a0\u00bbhttp:\/\/dupuis-expertise.com\/wp-content\/uploads\/2024\/04\/investisseur-immo.png\u00a0\u00bb title_text=\u00a0\u00bbinvestisseur immo\u00a0\u00bb align=\u00a0\u00bbcenter\u00a0\u00bb _builder_version=\u00a0\u00bb4.25.2&Prime; _module_preset=\u00a0\u00bbdefault\u00a0\u00bb height_tablet=\u00a0\u00bb\u00a0\u00bb height_phone=\u00a0\u00bb225px\u00a0\u00bb height_last_edited=\u00a0\u00bbon|phone\u00a0\u00bb custom_margin=\u00a0\u00bb12px|-30px|12px|16px|false|false\u00a0\u00bb custom_padding=\u00a0\u00bb36px|0px||9px|false|false\u00a0\u00bb border_color_all=\u00a0\u00bb#aa4b4e\u00a0\u00bb box_shadow_style=\u00a0\u00bbpreset1&Prime; global_colors_info=\u00a0\u00bb{}\u00a0\u00bb custom_margin__hover_enabled=\u00a0\u00bbon|desktop\u00a0\u00bb custom_margin__hover=\u00a0\u00bb20px|0px||0px|false|false\u00a0\u00bb border_width_all__hover_enabled=\u00a0\u00bboff|desktop\u00a0\u00bb border_width_all__hover=\u00a0\u00bb8px\u00a0\u00bb][\/et_pb_image][\/et_pb_column][\/et_pb_row][\/et_pb_section]<\/p>\n","protected":false},"excerpt":{"rendered":"<p>Je suis un particulier investissant dans l\u2019immobilier en FranceJe suis r\u00e9sident ou non r\u00e9sident de France J\u2019ai d\u00e9j\u00e0 investi ou c\u2019est encore un projet Activit\u00e9 de location nue ou meubl\u00e9e, saisonni\u00e8re ou longue dur\u00e9e Notre \u00e9quipe vous accompagne dans les diff\u00e9rentes \u00e9tapes de votre investissement Choix de la structure juridique la plus adapt\u00e9e : Soci\u00e9t\u00e9 [&hellip;]<\/p>\n","protected":false},"author":1,"featured_media":0,"parent":0,"menu_order":0,"comment_status":"closed","ping_status":"closed","template":"","meta":{"_et_pb_use_builder":"on","_et_pb_old_content":"","_et_gb_content_width":"","footnotes":""},"dipi_cpt_category":[],"class_list":["post-54","page","type-page","status-publish","hentry"],"yoast_head":"<!-- This site is optimized with the Yoast SEO plugin v27.3 - https:\/\/yoast.com\/product\/yoast-seo-wordpress\/ -->\n<title>Investisseur immobilier \u00ab Priv\u00e9 \u00bb - DUPUIS AUDIT &amp; EXPERTISE<\/title>\n<meta name=\"robots\" content=\"index, follow, max-snippet:-1, max-image-preview:large, max-video-preview:-1\" \/>\n<link rel=\"canonical\" href=\"https:\/\/dupuis-expertise.com\/index.php\/investisseurs-immobiliers\/\" \/>\n<meta property=\"og:locale\" content=\"fr_FR\" \/>\n<meta property=\"og:type\" content=\"article\" \/>\n<meta property=\"og:title\" content=\"Investisseur immobilier \u00ab Priv\u00e9 \u00bb - DUPUIS AUDIT &amp; EXPERTISE\" \/>\n<meta property=\"og:description\" content=\"Je suis un particulier investissant dans l\u2019immobilier en FranceJe suis r\u00e9sident ou non r\u00e9sident de France J\u2019ai d\u00e9j\u00e0 investi ou c\u2019est encore un projet Activit\u00e9 de location nue ou meubl\u00e9e, saisonni\u00e8re ou longue dur\u00e9e Notre \u00e9quipe vous accompagne dans les diff\u00e9rentes \u00e9tapes de votre investissement Choix de la structure juridique la plus adapt\u00e9e : Soci\u00e9t\u00e9 [&hellip;]\" \/>\n<meta property=\"og:url\" content=\"https:\/\/dupuis-expertise.com\/index.php\/investisseurs-immobiliers\/\" \/>\n<meta property=\"og:site_name\" content=\"DUPUIS AUDIT &amp; EXPERTISE\" \/>\n<meta property=\"article:modified_time\" content=\"2025-02-02T17:47:02+00:00\" \/>\n<meta name=\"twitter:card\" content=\"summary_large_image\" \/>\n<meta name=\"twitter:label1\" content=\"Dur\u00e9e de lecture estim\u00e9e\" \/>\n\t<meta name=\"twitter:data1\" content=\"4 minutes\" \/>\n<script type=\"application\/ld+json\" class=\"yoast-schema-graph\">{\"@context\":\"https:\\\/\\\/schema.org\",\"@graph\":[{\"@type\":\"WebPage\",\"@id\":\"https:\\\/\\\/dupuis-expertise.com\\\/index.php\\\/investisseurs-immobiliers\\\/\",\"url\":\"https:\\\/\\\/dupuis-expertise.com\\\/index.php\\\/investisseurs-immobiliers\\\/\",\"name\":\"Investisseur immobilier \u00ab Priv\u00e9 \u00bb - DUPUIS AUDIT &amp; EXPERTISE\",\"isPartOf\":{\"@id\":\"https:\\\/\\\/dupuis-expertise.com\\\/#website\"},\"datePublished\":\"2024-03-27T14:17:57+00:00\",\"dateModified\":\"2025-02-02T17:47:02+00:00\",\"breadcrumb\":{\"@id\":\"https:\\\/\\\/dupuis-expertise.com\\\/index.php\\\/investisseurs-immobiliers\\\/#breadcrumb\"},\"inLanguage\":\"fr-FR\",\"potentialAction\":[{\"@type\":\"ReadAction\",\"target\":[\"https:\\\/\\\/dupuis-expertise.com\\\/index.php\\\/investisseurs-immobiliers\\\/\"]}]},{\"@type\":\"BreadcrumbList\",\"@id\":\"https:\\\/\\\/dupuis-expertise.com\\\/index.php\\\/investisseurs-immobiliers\\\/#breadcrumb\",\"itemListElement\":[{\"@type\":\"ListItem\",\"position\":1,\"name\":\"Accueil\",\"item\":\"https:\\\/\\\/dupuis-expertise.com\\\/\"},{\"@type\":\"ListItem\",\"position\":2,\"name\":\"Investisseur immobilier \u00ab Priv\u00e9 \u00bb\"}]},{\"@type\":\"WebSite\",\"@id\":\"https:\\\/\\\/dupuis-expertise.com\\\/#website\",\"url\":\"https:\\\/\\\/dupuis-expertise.com\\\/\",\"name\":\"DUPUIS AUDIT &amp; EXPERTISE\",\"description\":\"Expert-comptable \u00e0 Nice\",\"potentialAction\":[{\"@type\":\"SearchAction\",\"target\":{\"@type\":\"EntryPoint\",\"urlTemplate\":\"https:\\\/\\\/dupuis-expertise.com\\\/?s={search_term_string}\"},\"query-input\":{\"@type\":\"PropertyValueSpecification\",\"valueRequired\":true,\"valueName\":\"search_term_string\"}}],\"inLanguage\":\"fr-FR\"}]}<\/script>\n<!-- \/ Yoast SEO plugin. -->","yoast_head_json":{"title":"Investisseur immobilier \u00ab Priv\u00e9 \u00bb - DUPUIS AUDIT &amp; EXPERTISE","robots":{"index":"index","follow":"follow","max-snippet":"max-snippet:-1","max-image-preview":"max-image-preview:large","max-video-preview":"max-video-preview:-1"},"canonical":"https:\/\/dupuis-expertise.com\/index.php\/investisseurs-immobiliers\/","og_locale":"fr_FR","og_type":"article","og_title":"Investisseur immobilier \u00ab Priv\u00e9 \u00bb - DUPUIS AUDIT &amp; EXPERTISE","og_description":"Je suis un particulier investissant dans l\u2019immobilier en FranceJe suis r\u00e9sident ou non r\u00e9sident de France J\u2019ai d\u00e9j\u00e0 investi ou c\u2019est encore un projet Activit\u00e9 de location nue ou meubl\u00e9e, saisonni\u00e8re ou longue dur\u00e9e Notre \u00e9quipe vous accompagne dans les diff\u00e9rentes \u00e9tapes de votre investissement Choix de la structure juridique la plus adapt\u00e9e : Soci\u00e9t\u00e9 [&hellip;]","og_url":"https:\/\/dupuis-expertise.com\/index.php\/investisseurs-immobiliers\/","og_site_name":"DUPUIS AUDIT &amp; EXPERTISE","article_modified_time":"2025-02-02T17:47:02+00:00","twitter_card":"summary_large_image","twitter_misc":{"Dur\u00e9e de lecture estim\u00e9e":"4 minutes"},"schema":{"@context":"https:\/\/schema.org","@graph":[{"@type":"WebPage","@id":"https:\/\/dupuis-expertise.com\/index.php\/investisseurs-immobiliers\/","url":"https:\/\/dupuis-expertise.com\/index.php\/investisseurs-immobiliers\/","name":"Investisseur immobilier \u00ab Priv\u00e9 \u00bb - DUPUIS AUDIT &amp; EXPERTISE","isPartOf":{"@id":"https:\/\/dupuis-expertise.com\/#website"},"datePublished":"2024-03-27T14:17:57+00:00","dateModified":"2025-02-02T17:47:02+00:00","breadcrumb":{"@id":"https:\/\/dupuis-expertise.com\/index.php\/investisseurs-immobiliers\/#breadcrumb"},"inLanguage":"fr-FR","potentialAction":[{"@type":"ReadAction","target":["https:\/\/dupuis-expertise.com\/index.php\/investisseurs-immobiliers\/"]}]},{"@type":"BreadcrumbList","@id":"https:\/\/dupuis-expertise.com\/index.php\/investisseurs-immobiliers\/#breadcrumb","itemListElement":[{"@type":"ListItem","position":1,"name":"Accueil","item":"https:\/\/dupuis-expertise.com\/"},{"@type":"ListItem","position":2,"name":"Investisseur immobilier \u00ab Priv\u00e9 \u00bb"}]},{"@type":"WebSite","@id":"https:\/\/dupuis-expertise.com\/#website","url":"https:\/\/dupuis-expertise.com\/","name":"DUPUIS AUDIT &amp; EXPERTISE","description":"Expert-comptable \u00e0 Nice","potentialAction":[{"@type":"SearchAction","target":{"@type":"EntryPoint","urlTemplate":"https:\/\/dupuis-expertise.com\/?s={search_term_string}"},"query-input":{"@type":"PropertyValueSpecification","valueRequired":true,"valueName":"search_term_string"}}],"inLanguage":"fr-FR"}]}},"_links":{"self":[{"href":"https:\/\/dupuis-expertise.com\/index.php\/wp-json\/wp\/v2\/pages\/54","targetHints":{"allow":["GET"]}}],"collection":[{"href":"https:\/\/dupuis-expertise.com\/index.php\/wp-json\/wp\/v2\/pages"}],"about":[{"href":"https:\/\/dupuis-expertise.com\/index.php\/wp-json\/wp\/v2\/types\/page"}],"author":[{"embeddable":true,"href":"https:\/\/dupuis-expertise.com\/index.php\/wp-json\/wp\/v2\/users\/1"}],"replies":[{"embeddable":true,"href":"https:\/\/dupuis-expertise.com\/index.php\/wp-json\/wp\/v2\/comments?post=54"}],"version-history":[{"count":12,"href":"https:\/\/dupuis-expertise.com\/index.php\/wp-json\/wp\/v2\/pages\/54\/revisions"}],"predecessor-version":[{"id":416,"href":"https:\/\/dupuis-expertise.com\/index.php\/wp-json\/wp\/v2\/pages\/54\/revisions\/416"}],"wp:attachment":[{"href":"https:\/\/dupuis-expertise.com\/index.php\/wp-json\/wp\/v2\/media?parent=54"}],"wp:term":[{"taxonomy":"dipi_cpt_category","embeddable":true,"href":"https:\/\/dupuis-expertise.com\/index.php\/wp-json\/wp\/v2\/dipi_cpt_category?post=54"}],"curies":[{"name":"wp","href":"https:\/\/api.w.org\/{rel}","templated":true}]}}